1
What are the prime factors of 24330767?
24330767
What are the prime factors of 1898693?
1898693
List the prime factors of 8309219.
541, 15359
What are the prime factors of 10937148?
2, 3, 691, 1319
List the prime factors of 8231122.
2, 379, 10859
What are the prime factors of 48895?
5, 7, 11, 127
List the prime factors of 24554090.
2, 5, 11, 223219
List the prime factors of 8529076.
2, 1373, 1553
List the prime factors of 595308.
2, 3, 7, 19, 373
What are the prime factors of 416957?
416957
What are the prime factors of 235493?
235493
List the prime factors of 6986542.
2, 71, 49201
List the prime factors of 213522.
2, 3, 19, 1873
List the prime factors of 6788196.
2, 3, 193, 977
List the prime factors of 9432025.
5, 17, 22193
List the prime factors of 171259.
11, 15569
List the prime factors of 4484180.
2, 5, 224209
What are the prime factors of 2513426?
2, 659, 1907
What are the prime factors of 745529?
745529
List the prime factors of 323446.
2, 43, 3761
List the prime factors of 443447.
197, 2251
List the prime factors of 452006.
2, 193, 1171
What are the prime factors of 395489?
131, 3019
List the prime factors of 6252455.
5, 11, 79, 1439
List the prime factors of 906010.
2, 5, 7, 43
What are the prime factors of 35650189?
281, 293, 433
What are the prime factors of 2445357?
3, 19, 42901
List the prime factors of 1251079.
379, 3301
What are the prime factors of 3858507?
3, 17, 25219
What are the prime factors of 1291470?
2, 3, 5, 43049
List the prime factors of 432493.
37, 11689
List the prime factors of 1751071.
7, 250153
What are the prime factors of 10016131?
31, 323101
List the prime factors of 16524451.
163, 101377
List the prime factors of 400481.
400481
List the prime factors of 9225911.
9225911
What are the prime factors of 10921957?
43, 253999
List the prime factors of 5963985.
3, 5, 132533
List the prime factors of 497498.
2, 248749
List the prime factors of 1595339.
1595339
List the prime factors of 22512329.
7, 3216047
List the prime factors of 298456.
2, 37307
List the prime factors of 876125.
5, 43, 163
List the prime factors of 1465718.
2, 29, 37, 683
List the prime factors of 18992212.
2, 31, 97, 1579
List the prime factors of 40287892.
2, 17, 592469
What are the prime factors of 61351?
19, 3229
What are the prime factors of 282346?
2, 79, 1787
What are the prime factors of 448820?
2, 5, 22441
What are the prime factors of 5204515?
5, 83, 12541
List the prime factors of 1878786.
2, 3, 7, 13, 31, 37
What are the prime factors of 5315?
5, 1063
What are the prime factors of 540653?
53, 101
What are the prime factors of 8541566?
2, 11, 388253
List the prime factors of 13765931.
61, 225671
What are the prime factors of 1613733?
3, 11, 79, 619
List the prime factors of 9415848.
2, 3, 13, 103, 293
What are the prime factors of 31412950?
2, 5, 67, 9377
List the prime factors of 17064444.
2, 3, 523, 2719
What are the prime factors of 440871?
3, 223, 659
What are the prime factors of 349551?
3, 38839
What are the prime factors of 38716175?
5, 1548647
List the prime factors of 3665194.
2, 13, 29, 4861
What are the prime factors of 2583771?
3, 373, 2309
List the prime factors of 2395754.
2, 59, 79, 257
What are the prime factors of 842060?
2, 5, 71, 593
What are the prime factors of 718916?
2, 11, 16339
What are the prime factors of 1210579?
43, 47, 599
What are the prime factors of 179543?
7, 13, 1973
List the prime factors of 1784847.
3, 17, 79, 443
List the prime factors of 6179.
37, 167
List the prime factors of 3760124.
2, 940031
List the prime factors of 8805895.
5, 7, 23, 10939
What are the prime factors of 44592?
2, 3, 929
List the prime factors of 12076433.
12076433
What are the prime factors of 2001940?
2, 5, 199, 503
What are the prime factors of 306153?
3, 17, 23, 29
What are the prime factors of 91440?
2, 3, 5, 127
What are the prime factors of 3560142?
2, 3, 43, 13799
What are the prime factors of 1234429?
7, 176347
What are the prime factors of 433750?
2, 5, 347
List the prime factors of 3526797.
3, 23, 79, 647
List the prime factors of 5608436.
2, 17, 67, 1231
List the prime factors of 489493.
489493
List the prime factors of 249645.
3, 5, 11, 17, 89
List the prime factors of 1300854.
2, 3, 19, 11411
What are the prime factors of 46522?
2, 7, 3323
What are the prime factors of 1572293?
29, 54217
List the prime factors of 5949729.
3, 71, 9311
What are the prime factors of 10734439?
151, 71089
List the prime factors of 298366.
2, 149183
List the prime factors of 25625892.
2, 3, 67, 31873
List the prime factors of 34978.
2, 17489
List the prime factors of 17951185.
5, 7, 512891
What are the prime factors of 3806574?
2, 3, 19, 33391
What are the prime factors of 3037385?
5, 13, 83, 563
List the prime factors of 636201.
3, 23563
What are the prime factors of 66148?
2, 23, 719
What are the prime factors of 17126083?
13, 43, 30637
What are the prime factors of 279935?
5, 55987
What are the prime factors of 2492637?
3, 7, 29, 4093
List the prime factors of 159586.
2, 7, 11399
List the prime factors of 8822826.
2, 3, 43, 11399
What are the prime factors of 412410?
2, 3, 5, 59, 233
What are the prime factors of 730462?
2, 365231
What are the prime factors of 10428816?
2, 3, 167, 1301
What are the prime factors of 2643989?
2643989
List the prime factors of 9097040.
2, 5, 17, 6689
List the prime factors of 104478.
2, 3, 11, 1583
What are the prime factors of 294186?
2, 3, 49031
What are the prime factors of 3878764?
2, 41, 67, 353
What are the prime factors of 863942?
2, 251, 1721
List the prime factors of 153702.
2, 3, 8539
What are the prime factors of 1003858?
2, 23, 139, 157
What are the prime factors of 123512?
2, 15439
What are the prime factors of 6843690?
2, 3, 5, 7, 17, 71
List the prime factors of 929206.
2, 464603
List the prime factors of 1402252.
2, 350563
List the prime factors of 1452612.
2, 3, 7, 17293
List the prime factors of 8577048.
2, 3, 357377
List the prime factors of 2217289.
61, 163, 223
List the prime factors of 324840.
2, 3, 5, 2707
List the prime factors of 83385.
3, 5, 17, 109
List the prime factors of 914592.
2, 3, 7, 1361
What are the prime factors of 6803041?
7, 971863
List the prime factors of 25064.
2, 13, 241
List the prime factors of 463963.
463963
What are the prime factors of 20683063?
20683063
List the prime factors of 5272881.
3, 131, 13417
List the prime factors of 138618.
2, 3, 17, 151
List the prime factors of 11349367.
53, 197, 1087
What are the prime factors of 284792?
2, 97, 367
List the prime factors of 11249.
7, 1607
What are the prime factors of 1265427?
3, 140603
List the prime factors of 182879.
43, 4253
List the prime factors of 21576400.
2, 5, 17, 19, 167
What are the prime factors of 33697946?
2, 16848973
What are the prime factors of 287572?
2, 17, 4229
List the prime factors of 33380.
2, 5, 1669
What are the prime factors of 59978?
2, 29989
What are the prime factors of 1097169?
3, 23, 15901
List the prime factors of 19354412.
2, 7, 11, 47, 191
What are the prime factors of 826143?
3, 113, 2437
What are the prime factors of 17102067?
3, 83, 68683
List the prime factors of 81626.
2, 40813
What are the prime factors of 355447?
61, 5827
List the prime factors of 136018.
2, 47, 1447
List the prime factors of 567008.
2, 13, 29, 47
What are the prime factors of 6616000?
2, 5, 827
What are the prime factors of 72149?
7, 11, 937
What are the prime factors of 1801095?
3, 5, 167, 719
List the prime factors of 32635677.
3, 89, 122231
What are the prime factors of 8304767?
19, 437093
List the prime factors of 2734504.
2, 341813
What are the prime factors of 101205?
3, 5, 13, 173
List the prime factors of 5808895.
5, 239, 4861
List the prime factors of 141901.
41, 3461
List the prime factors of 16432197.
3, 5477399
List the prime factors of 3752857.
73, 101, 509
List the prime factors of 230427.
3, 25603
List the prime factors of 2306049.
3, 19, 23, 1759
List the prime factors of 171149.
11, 15559
List the prime factors of 4512818.
2, 109, 127, 163
What are the prime factors of 1470396?
2, 3, 122533
List the prime factors of 653797.
653797
List the prime factors of 164221.
97, 1693
What are the prime factors of 322335?
3, 5, 13, 19, 29
What are the prime factors of 8007023?
2111, 37